a prime number?
False
Let a be (-23)/(-2) - 1/2. Suppose 3*n - a = -26, -3*o - 373 = -4*n. Let m = o + 190. Is m prime?
True
Let x = 10 + -7. Let q = x + -11. Let g(m) = -55*m + 9. Is g(q) a prime number?
True
Let t = -145238 - -218595. Is t a prime number?
False
Let u = 5 - 3. Suppose 0*c - u = -2*c. Is c/6 + (-2497)/(-66) composite?
True
Let y(z) = -z - 22. Let q be y(-18). Is q/(-10) + 7830/50 a prime number?
True
Let d(v) = 32292*v - 111. Is d(2) composite?
True
Suppose -2*k = -y + 51, -21 = 2*k - k + 4*y. Let c be 6160/k + (-9)/15. Let t = -132 - c. Is t composite?
True
Suppose 13 = -2*w - 5*x, 2*x + 3*x = -3*w - 12. Suppose 10 = 3*u + o, 5*u - 4*o - 10 = w. Suppose 6*c - 4*j = 4*c + 262, -u*c + 379 = j. Is c a prime number?
True
Is 76642/(-5)*11/((-110)/25) composite?
False
Let x be 40/6 - (-13)/39. Suppose 0 = -2*t + 6*t + 5*s + 6, -3 = -5*t - s. Is (0/(-2))/t + x a composite number?
False
Suppose -24*v = -77*v + 2341063. Is v prime?
True
Let p be 2 + -1 + 0 - -1. Suppose 4*y - p*t - 12 = 0, 3*y + 5*t = y - 18. Is (y*-2)/(2/(-3)) a composite number?
False
Let y = 9 + -7. Suppose -2*d - 4*f + y = -2, -d + 1 = f. Suppose 5*x = 3*o + 632, d*x - 3*o - 505 = -4*x. Is x prime?
True
Suppose -4*q + 18 = 2. Suppose -2*z - 2*z + 5436 = q*d, 1343 = d - 3*z. Is d a composite number?
True
Let h(o) = -o + 6. Let i be h(-6). Let b be 20*(i/15 - 0). Is 62/b - 8/(-64) prime?
False
Let s = 70 + -61. Suppose 2*h + 3193 = l, -3*h = -0 - s. Is l a prime number?
False
Let t be (-1)/2*(13 - 7) + -1242. Let r = 74 - t. Is r a prime number?
True
Is -4*3/12 + -3 + 14177 prime?
True
Let j(k) = 115*k**3 + 2*k**2 - 4*k - 2. Let a be j(-7). Let r be 1/4 - a/(-68). Is r/(-6) + 2/3 prime?
True
Suppose 5*v - 6184 = -3*h, -h + 2065 = -0*v - 2*v. Is h a composite number?
False
Suppose 4*y = -0*y - 4*l + 336, -60 = -y + 5*l. Let q = -11 + 15. Suppose -y = -q*n + 20. Is n prime?
False
Let c(r) = -r**2 - 5*r + 1. Let d be c(-4). Let p(v) = -v + 7. Let x be p(d). Suppose -x*y + 0 = -6. Is y composite?
False
Let u be (-877)/(-1) + 16 + -21. Let z = u + 185. Is z a prime number?
False
Let h(k) = -2*k**3 - 4*k**2 - k. Let p be h(-5). Suppose -p = -3*w + 46. Is w a composite number?
False
Suppose -5473 = 4*o - 1453. Let q = -684 - o. Is q a composite number?
True
Let l(q) = 3*q**2 + 4*q + 48. Let k be l(-14). Let u = k + -393. Is u prime?
False
Let t(n) = -n**2 - 2*n + 5. Let v be t(-3). Suppose -v*i = 2*i - 2788. Is i a composite number?
True
Let o(h) = 5*h**2 + 5*h - 8*h**2 - 6 + 3 - 2*h**3 - 8*h. Let k be (-1)/((-2)/(-4*2)). Is o(k) composite?
False
Suppose -2*q - 5*w + 2322 = 0, 26*w - 22*w - 5771 = -5*q. Is q a composite number?
False
Suppose -2*x = 5*p - 188, -3*p + 4*x + 119 - 27 = 0. Suppose t - 15 = p. Is t a composite number?
True
Is (1549140/(-180))/(2/(-6)) composite?
False
Let j = 29566 - 20799. Is j a prime number?
False
Suppose c - 4*p - 1086 = -0*p, 5*p = -5*c + 5355. Let d = c + -245. Is d prime?
True
Is (-57167)/(-88)*6 + 1/4 composite?
True
Let i = -3048 - -6987. Suppose -6*q + i + 11979 = 0. Is q a prime number?
False
Suppose -13 = -2*j + j. Suppose -2*n + j = -217. Is n a composite number?
True
Suppose -171*q - 43324 = -175*q. Is q prime?
True
Let v = -79081 - -137300. Is v prime?
False
Let a = 11 + -9. Suppose -a*l - k - 591 = 0, -141 = l - 2*k + 147. Let f = 515 + l. Is f prime?
False
Suppose -3*h = -0 - 60. Let t = h + -16. Suppose t*s - 2*s - 106 = 0. Is s composite?
False
Is (-18)/72 - (-4)/((-48)/(-30375)) composite?
False
Suppose 2*q - 2*x - 2 = 34, 0 = -q - 2*x + 12. Let g = q + -6. Is g a prime number?
False
Let f = -6 + 16. Suppose -4926 = -f*i + 4*i. Is i composite?
False
Let n = 1 - -4. Suppose 0 = -3*q - n*a + 11285, -3813 = -2*q + 2*a + 3689. Is q prime?
False
Let b(m) = -5*m + 636. Let i be b(0). Is (i/36)/(((-2)/9)/(-2)) a prime number?
False
Let r be (-252)/108 - 3/(18/4). Is (-6 - 9280/(-12))/((-2)/r) a composite number?
False
Suppose -609 = -3*d + 729. Let a = 777 - d. Is a a prime number?
True
Suppose -2*f = p + 9, 4 - 11 = -2*p + f. Let j be 9*(-1)/(-3) - p. Suppose 0 = -2*b + 4 + j, 4*s - 397 = -3*b. Is s prime?
True
Let i(y) = 6*y**2 - 4*y + 4 - 5 + 0*y. Suppose -n + 0*n + 10 = 3*l, 0 = 5*n + 10. Is i(l) composite?
False
Suppose -6*n = 969 - 9981. Is n a composite number?
True
Suppose 3*s - 51446 = -8897. Is s prime?
False
Is 56/(-4)*(1622/4)/(-1) composite?
True
Let u be ((-46)/(-6) - 1)/((-11)/(-33)). Suppose -d + u = -5*l - 242, 4*d + 4*l = 1072. Is d a prime number?
False
Let m(x) = 114*x - 11. Let k(z) = 2*z. Let s be k(-5). Let i = s - -16. Is m(i) prime?
True
Let y = 3991 - 2624. Is y prime?
True
Let u(i) = -i - 3. Let d be u(-7). Suppose -d*f - 2*p - 1612 = 0, -3*p + 1215 = -3*f - 6*p. Let w = 920 + f. Is w prime?
False
Suppose -25 = x + 5*o - 0*o, 3*x = 5*o + 25. Let a = -12 + x. Is 40/a*111/(-2) a prime number?
False
Let b(k) = k**3 + 5*k**2 + 2*k + 3. Let n be b(-4). Let d be (-1 - -2)*(-11)/n. Is 195/4 - d/4 composite?
True
Is 4 - (-2 + 0 + -21983 - -4) a prime number?
False
Suppose -4*i = -80*i + 781052. Is i composite?
True
Suppose 160*i = 156*i + 25084. Is i prime?
True
Suppose 5*k = -y + 96, 0*k - k + y = -24. Suppose 4*a = -0*a + k. Suppose -a*n + 101 = 3*u, -2*n + 83 + 61 = 4*u. Is u prime?
True
Suppose -5 = -2*f + 3*f, 0 = -5*i - f + 20. Suppose 0 = 2*x - h + 4 - 1, -5 = -i*h. Is (-146)/(-1)*4 + x prime?
False
Suppose -11*s + 66 = -0*s. Is (-6 + 2 - -3) + 1033*s prime?
True
Suppose 52*c - 40*c - 9444 = 0. Is c composite?
False
Let g be 2*(-3 - (-36)/8). Suppose 0*s + 8 = -s - 2*h, 2*s = g*h + 19. Suppose 2*v + s*v - 76 = 0. Is v prime?
True
Suppose -16*i - 505 = -4521. Is i a composite number?
False
Suppose 317 = 5*s - 1873. Suppose -3*p + 5*p - s = 0. Is p composite?
True
Let r be ((-4)/(-10))/(6/30). Suppose 0 = -2*a - 2*d + 720, 4*d + 355 = r*a - a. Is a composite?
False
Suppose -5873 = 2*j - 3*j. Is j/(4 - 6/2) a prime number?
False
Suppose 5*j - 4 = a, 4*a - 28 = j + 13. Suppose 12*u - 3 = a*u. Suppose -u*x + 568 = 199. Is x prime?
False
Suppose 8*j - 9*j = -3*g + 10531, -2*j + 4 = 0. Is g a prime number?
True
Let h(s) = 2*s**2 + 13*s + 25. Let p(w) = w**3 - 15*w**2 + 26*w + 12. Let f be p(13). Is h(f) prime?
False
Let g(k) = -2*k**3 - 15*k**2 + 17*k + 29. Is g(-14) a composite number?
False
Let l = 31 + -15. Suppose 4*q - l = 172. Suppose -q = -2*b + b. Is b composite?
False
Let x = 19 - 9. Suppose -m + x + 117 = 0. Is m a composite number?
False
Is (-87396)/(-12)*2/2*1 prime?
True
Let v = 8 + 3. Suppose 0 = -v*q - 4433 + 14278. Is q a prime number?
False
Let r be (0/(-1))/((-9)/(-3)). Suppose 2*k + k - 4*h - 299 = r, -3*k = 4*h - 259. Is k a composite number?
True
Suppose -l = -3*l + 68. Let h(g) = 7*g**2 + 3*g**2 - g**3 - l*g + 2*g**2 + 13 + 27*g. Is h(10) a composite number?
True
Let w = -70039 - -142406. Is w composite?
False
Suppose -7*v = -18 - 3. Suppose 0 = v*q - p - 204 - 3244, 3*q + 2*p - 3463 = 0. Is q composite?
False
Suppose -36 = 5*a + 4*f, -5*a + 6*a + 5*f = -24. Let t(w) = 18*w**2 - 5*w - 15. Is t(a) a composite number?
False
Suppose 0 = 3*y - 12, -4*w + 4*y = 5*y - 1192. Let b = w + -4. Is b composite?
False
Is (-32)/14 + 2 - (-53965)/301 a composite number?
False
Suppose -5*b + 16881 = 2*i, 2*i + 16889 = 5*b - 0*i. Is b composite?
True
Suppose -5*c - 5490 + 1555 = 0. Is -1*c*3/(-3)*-1 a composite number?
False
Is -77174*((-2)/5)/(8/10) composite?
True
Let a be (-1446)/(8/(-3) + 4/6). Let r = -504 + a. Is r composite?
True
Let q(f) = -356*f + 26. Let v be q(6). Let y = -263 - v. Is y prime?
True
Is (11156 + -7)/(3/3) prime?
True
Let j(q) = 3*q**3 - 13*q**2 + 12*q - 20. Let z be j(8). Let m = z - 145. Is m prime?
False
Is 0 + (-16)/(-28) - 32486/(-14) a composite number?
True
Suppose -5*k + 4*y + 42877 = 13982, 2*y = -3*k + 17337. Is k a composite number?
False
Let i(a) be the third derivative of 11*a**4/24 + 8*a**3/3 - 8*a**2. Suppose -20 = -2*l - 6. Is i(l) a composite number?
True
Let d(p) = p**3 + 9*p**2 + 9*p + 3. Let l be d(-8). Is (6 + l)*1270/2 a prime number?
False
Suppose 250 = -9*z - 1532. Let s = 839 + z. Is s a composite number?
False
Suppose 10 = -l - l. Let j = -3 - l. Suppose -i - j*i = -447. Is i composite?
False
Let j be (-316)/(-36) - (-2)/9. Let k(a) = 2*a - 13. Let z be